 -2754*a - 27557. What is b(-10)?
-17
Let q(j) = j**3 - 60*j**2 + 57*j + 119. What is q(59)?
1
Let p(r) = -363*r - 1140. What is p(-3)?
-51
Let x(n) = -n**3 - 87*n**2 - 1326*n + 935. Determine x(-67).
-3
Let w(u) = -3*u**2 - 35*u + 516. What is w(-23)?
-266
Let q(w) = -4*w**2 - 169*w - 511. What is q(-39)?
-4
Let j(i) = -4*i**2 - 15*i + 21. What is j(-6)?
-33
Let v(m) = -326*m + 7167. Give v(22).
-5
Let r(z) = 3*z**2 + 379*z - 5411. What is r(13)?
23
Let v(s) = -4*s**2 + 73*s + 277. Calculate v(22).
-53
Let t(g) = -67*g**3 - 11*g + 13. Give t(1).
-65
Let v(o) = o**3 + 30*o**2 + 49*o + 37. Calculate v(-28).
233
Let c(f) = -f**2 + 259*f + 1312. Determine c(-5).
-8
Let g(u) = -u**3 + 13*u**2 - 20*u - 32. Calculate g(11).
-10
Let p(g) = 322*g - 973. Determine p(3).
-7
Let s(d) = -153*d - 5031. What is s(-33)?
18
Let z(i) = -2*i**3 - 49*i**2 - 167*i + 38. Calculate z(-4).
50
Let t(j) = 323*j - 1889. Calculate t(5).
-274
Let c(p) = -p**3 + 3*p**2 + p + 4. Give c(0).
4
Let b(r) = -r**2 + 36*r - 44. Determine b(37).
-81
Let b(k) = -10*k**3 - 37*k**2 + 26*k + 50. Calculate b(-4).
-6
Let a(u) = u**3 + 45*u**2 + 104*u - 774. Give a(-6).
6
Let x(d) = d**3 + 18*d**2 + 81*d + 19. Calculate x(-11).
-25
Let u(a) = a**3 + 52*a**2 + 161*a + 691. Calculate u(-49).
5
Let t(z) = -90*z + 5759. Give t(64).
-1
Let u(d) = -2*d**2 + 131*d + 723. Determine u(71).
-58
Let t(m) = m**2 + 120*m + 2543. What is t(-27)?
32
Let l(x) = -x**3 - 11*x**2 + 15*x - 17. What is l(-13)?
126
Let m(u) = -48*u**2 - 9*u - 81. Calculate m(-4).
-813
Let n(j) = j**3 + 15*j**2 - 31*j - 12. What is n(-17)?
-63
Let r(i) = -i**2 - 7*i + 580. Determine r(21).
-8
Let z(x) = 2*x**2 - 33*x - 94. Determine z(22).
148
Let c(v) = -v**3 + v**2 + 119*v + 114. What is c(-11)?
257
Let w(x) = 218*x - 1255. Give w(6).
53
Let t(x) = x - 144. What is t(43)?
-101
Let b(h) = -68*h + 1500. What is b(22)?
4
Let k(x) = -890*x - 834. What is k(-1)?
56
Let j(a) = a**3 + 19*a**2 - 61*a + 162. Determine j(-22).
52
Let y(t) = -19860*t + 99312. What is y(5)?
12
Let u(o) = 2*o**3 + 161*o**2 + 3239*o + 75. Give u(-39).
-3
Let s(v) = 2*v**2 - 335*v - 4685. Determine s(-13).
8
Let o(i) = 4261*i + 12779. Determine o(-3).
-4
Let h(n) = -245*n + 734. Give h(3).
-1
Let u(l) = 6*l**2 + 66*l - 122. Give u(3).
130
Let i(d) = 52*d - 458. Determine i(9).
10
Let r(k) = -12*k**2 + 1020*k + 33. What is r(85)?
33
Let n(m) = -m**2 - m - 30. Calculate n(9).
-120
Let g(t) = 228*t - 683. Give g(3).
1
Let i(f) = -28*f**2 - 36*f + 139. Calculate i(-3).
-5
Let m(h) = -117*h - 1995. Give m(-22).
579
Let t(k) = -k**2 - 126*k + 2310. Determine t(-142).
38
Let p(r) = 2*r**3 + 81*r**2 - 130*r - 196. What is p(-42)?
-28
Let q(m) = m**3 - 56*m**2 - 374*m + 121. Calculate q(62).
-3
Let f(a) = 24*a - 386. Give f(17).
22
Let b(u) = -u**2 + 14*u + 671. What is b(35)?
-64
Let w(s) = s**3 - 21*s**2 + s - 89. Calculate w(21).
-68
Let w(f) = -9*f**2 + 33*f - 85. Determine w(6).
-211
Let u(h) = -120*h - 2589. Calculate u(-20).
-189
Let p(j) = -432*j + 7814. Determine p(18).
38
Let v(q) = q**3 - 46*q**2 + 271*q + 84. Determine v(39).
6
Let s(q) = -2*q**3 - 12*q**2 - 13*q + 159. Give s(-9).
762
Let u(w) = -2*w**3 + 11*w**2 - 32*w + 21. Determine u(8).
-555
Let k(i) = -i**3 + 7*i**2 + 76*i - 497. Determine k(7).
35
Let z(r) = r**3 + 40*r**2 - 84*r + 38. Give z(-42).
38
Let o(n) = -21*n - 37. Give o(10).
-247
Let n(t) = 2*t**3 - 479*t**2 - 721*t - 498. Calculate n(241).
-16
Let v(x) = 2*x**3 - 6*x**2 + 56*x + 291. Give v(-4).
-157
Let p(g) = -2*g**3 - 10*g**2 - 6*g - 35. Determine p(-7).
203
Let y(v) = -13*v**2 + 974*v - 5. Determine y(0).
-5
Let c(b) = b**3 + 7*b**2 + 5*b + 27. Determine c(-7).
-8
Let y(h) = -4*h**2 + 33*h - 92. What is y(9)?
-119
Let p(a) = 2*a**2 - 16*a + 21. Give p(6).
-3
Let c(y) = -2*y**3 + 194*y**2 + 200*y - 527. Give c(98).
-135
Let n(i) = i**2 - 16*i - 8. What is n(30)?
412
Let k(p) = -42*p + 1350. Determine k(41).
-372
Let j(o) = 350*o + 4891. What is j(-14)?
-9
Let q(b) = -2*b**3 - 4*b**2 + 10*b + 68. Give q(-5).
168
Let w(p) = -p**3 - 65*p**2 + 63*p - 4736. What is w(-67)?
21
Let d(z) = -z**2 + 78*z + 1854. Give d(-19).
11
Let u(n) = 143*n - 2262. What is u(15)?
-117
Let l(u) = -u**3 - 3*u**2 + 403*u + 21. Give l(0).
21
Let a(z) = 3*z - 1. Determine a(-1).
-4
Let m(k) = -4*k**2 - 131*k + 620. Calculate m(-37).
-9
Let g(k) = -k**3 - 58*k**2 - 118*k - 356. Determine g(-56).
-20
Let n(m) = -2*m**3 + 16*m**2 - 5*m + 5. What is n(2)?
43
Let w(g) = 182*g**2 - 3101*g + 118. Give w(17).
-1
Let l(o) = -59*o + 1533. Give l(26).
-1
Let r(w) = -53*w + 403. Give r(7).
32
Let v(g) = -g**3 + 18*g**2 - 30*g - 39. What is v(16)?
-7
Let s(z) = -4*z**2 - 48*z - 144. Calculate s(-6).
0
Let o(x) = 14*x + 30. Calculate o(-14).
-166
Let b(w) = w**3 + 8*w**2 + 239*w + 1141. Calculate b(-5).
21
Let c(y) = -109*y - 332. Give c(-4).
104
Let d(l) = 13*l**3 - 5*l**2 + 3*l + 9. Give d(-1).
-12
Let s(n) = -600*n + 1216. What is s(2)?
16
Let c(m) = -99*m**2 - 473*m + 100. Determine c(-5).
-10
Let a(w) = -8*w - 31. Calculate a(-3).
-7
Let k(p) = -p**3 - 10*p**2 - 56*p - 16. Calculate k(-5).
139
Let p(i) = -50*i + 2362. Determine p(53).
-288
Let f(p) = 334*p + 1025. Calculate f(-7).
-1313
Let a(d) = -10*d + 178. Give a(12).
58
Let x(w) = -48*w - 433. Calculate x(-9).
-1
Let w(d) = -15*d**3 - 6*d**2 - 61*d - 55. Calculate w(-1).
15
Let j(f) = 134*f - 338. Give j(3).
64
Let j(b) = 4*b**2 + 45*b - 112. Calculate j(-13).
-21
Let l(h) = 1305*h + 5208. Give l(-4).
-12
Let g(j) = -j**2 - 41*j + 73. Calculate g(-39).
151
Let t(k) = 3*k - 41. Give t(22).
25
Let r(i) = 76*i + 24. Determine r(-4).
-280
Let c(o) = -o**3 - 107*o**2 - 113*o - 748. Determine c(-106).
-6
Let y(a) = -a**3 + 12*a**2 - 25*a - 28. Give y(7).
42
Let i(b) = b**2 + 71*b + 22. Calculate i(0).
22
Let y(k) = -k**3 - 10*k**2 + 12*k - 1. Calculate y(-11).
-12
Let p(o) = o**2 - 136*o + 3522. What is p(34)?
54
Let n(j) = 100*j - 4. What is n(1)?
96
Let s(a) = -a**2 + 24*a - 81. Determine s(18).
27
Let m(i) = -20*i**2 - 903*i - 130. Calculate m(-45).
5
Let l(k) = k**3 + 83*k**2 + 81*k - 111. What is l(-82)?
-29
Let c(x) = -x**2 + 6815*x - 13622. Give c(2).
4
Let p(y) = y**3 + 18*y**2 - y - 121. Calculate p(-19).
-463
Let q(u) = -u**3 - 20*u**2 + 93*u + 616. Determine q(-23).
64
Let a(q) = -q**3 - 16*q**2 + 5*q + 61. Determine a(-16).
-19
Let z(w) = w**3 + 31*w**2 - 37*w - 175. What is z(-32)?
-15
Let d(r) = 21*r - 906. Calculate d(38).
-108
Let z(q) = q**3 - 58*q**2 - 171*q + 3056. Calculate z(60).
-4
Let l(j) = 4*j**2 - 79*j + 114. Give l(18).
-12
Let z(w) = w**3 - 10*w**2 - 29*w + 51. Give z(12).
-9
Let y(j) = 75*j**2 - 14*j - 11. What is y(-2)?
317
Let p(g) = -g**2 - 67*g - 213. Give p(-3).
-21
Let v(q) = -q**2 - 8*q - 17. What is v(5)?
-82
Let t(l) = 63*l**2 + 24*l + 9. What is t(-2)?
213
Let a(u) = -4*u**2 - 5*u - 37. Give a(-5).
-112
Let g(w) = -9*w**2 + 9*w. Give g(-2).
-54
Let i(r) = 103*r - 4332. Calculate i(42).
-6
Let m(o) = o**2 + 47*o + 266. What is m(-40)?
-14
Let g(x) = 63*x - 9696. What is g(154)?
6
Let c(d) = -14*d**3 + 4*d**2 + 16*d - 29. Give c(2).
-93
Let c(s) = -262*s + 525. Calculate c(2).
1
Let i(l) = -3*l**2 - 82*l - 436. Give i(-20).
4
Let n(w) = w**3 - 4*w**2 - 6*w - 25. Calculate n(8).
183
Let z(q) = -3*q**2 + 83*q - 253. Give z(3).
-31
Let s(i) = 40*i - 2782. Give s(73).
138
Let m(z) = 158*z + 9803. What is m(-62)?
7
Let l(a) = 27*a**2 - 18*a - 14. Give l(7).
1183
Let p(x) = 2*x - 57. Determine p(26).
-5
Let c(m) = -12*m + 150. Give c(10).
30
Let x(s) = 774*s - 22431. Calculate x(29).
15
Let u(y) = -24*y - 435. Give u(-23).
117
Let g(p) = -p**3 + 19*p**2 - 46*p - 26. What is g(16)?
6
Let m(p) = 43*p + 1040. Determine m(-23).
51
Let v(n) = -44*n - 112. Calculate v(-8).
240
Let i(v) = 4*v**3 + 7*v**2 + 36*v + 67. Give i(-6).
-761
Let g(u) = -68*u**2 - 4*u - 2. Calculate g(-1).
-66
Let g(m) = 2*m**2 - 47*m - 159. Determine g(0).
-159
Let j(f) = -53*f + 7. Calculate j(-14).
749
Let c(s) = s**3 + 11*s**2 + 8*s - 52. What is c(-10)?
-32
Let b(k) = -23*k + 120. What is b(3)?
51
Let u(x) = -16*x**2 + 143*x + 20. Give u(9).
11
Let p(u) = -1130*u + 209056. Give p(185).
6
Let t(h) = -73*h**2 - 9*h - 6. Calculate t(-3).
-636
Let m(c) = 5*c**2 - 35*c + 116. Calculate m(3).
56
Let i(j) = -j**3 - 2